se 9) in base 2?
101001101101
Convert -a1 (base 15) to base 7.
-304
Convert -3421 (base 5) to base 3.
-200000
Convert -10111001111 (base 2) to base 14.
-783
22101 (base 6) to base 11
2333
-6a (base 12) to base 16
-52
-110111 (base 3) to base 14
-1a1
Convert -156 (base 16) to base 4.
-11112
What is 2445 (base 7) in base 2?
1110010011
Convert -5462 (base 8) to base 6.
-21134
What is 170 (base 9) in base 4?
2100
What is -1032350 (base 6) in base 12?
-256b6
What is 2542 (base 8) in base 2?
10101100010
What is -2221331 (base 4) in base 11?
-8199
-12149 (base 12) to base 15
-7363
318 (base 13) to base 3
201120
What is 57 (base 8) in base 6?
115
101100011 (base 2) to base 15
18a
What is -231 (base 13) in base 16?
-17a
Convert -2b88 (base 12) to base 8.
-12030
Convert -10000110000101 (base 2) to base 12.
-4b71
What is -3626 (base 7) in base 8?
-2477
What is 16612 (base 11) in base 16?
5b46
What is 121032 (base 5) in base 8?
10645
9977 (base 10) to base 16
26f9
-43373 (base 8) to base 3
-220221000
Convert -584 (base 9) to base 13.
-2b0
Convert -2523 (base 6) to base 14.
-32b
Convert 30043 (base 6) to base 14.
15d9
69110 (base 10) to base 9
114718
Convert -242 (base 14) to base 16.
-1c2
What is -24065 (base 8) in base 15?
-30b3
What is -7557 (base 8) in base 2?
-111101101111
What is -11001011101011 (base 2) in base 10?
-13035
What is 10112 (base 3) in base 6?
235
-14210 (base 5) to base 10
-1180
6778 (base 10) to base 14
2682
Convert 679 (base 15) to base 11.
1111
2c0 (base 15) to base 12
446
-6171 (base 9) to base 13
-2098
Convert -102000 (base 3) to base 15.
-14c
2221112 (base 4) to base 12
6332
What is -10111 (base 2) in base 7?
-32
Convert -42116 (base 7) to base 9.
-15172
What is a38 (base 12) in base 16?
5cc
Convert 4442 (base 5) to base 13.
38b
124314 (base 7) to base 3
1011202000
What is -46625 (base 9) in base 14?
-b4b5
What is -9967 (base 10) in base 12?
-5927
What is 77b (base 14) in base 8?
2711
1122223 (base 4) to base 6
42511
Convert 7b6 (base 16) to base 13.
b8b
Convert -10023 (base 10) to base 2.
-10011100100111
-11362 (base 9) to base 5
-220324
What is -102 (base 7) in base 11?
-47
Convert 1cf5 (base 16) to base 2.
1110011110101
Convert -1221 (base 3) to base 4.
-310
3211 (base 7) to base 9
1501
-a04 (base 13) to base 11
-1300
What is 3243241 (base 5) in base 15?
11931
-6122 (base 7) to base 10
-2123
What is 10645 (base 9) in base 8?
15660
What is 2318 (base 10) in base 14?
bb8
Convert 10231 (base 4) to base 12.
211
What is 1111010100011001 (base 2) in base 4?
33110121
What is -3140 (base 11) in base 2?
-1000000111110
What is 522 (base 6) in base 9?
235
-12111 (base 5) to base 10
-906
Convert -1211 (base 12) to base 6.
-13221
-36004 (base 8) to base 4
-3300010
What is 112231 (base 5) in base 8?
7742
Convert 101110000001 (base 2) to base 4.
232001
a16 (base 16) to base 4
220112
What is a4 (base 11) in base 13?
8a
What is 1bb (base 14) in base 3?
111101
Convert -40460 (base 7) to base 10.
-9842
What is -111110000110 (base 2) in base 13?
-1a69
Convert 764 (base 8) to base 11.
415
2b20 (base 13) to base 5
200104
Convert 4039 (base 13) to base 16.
2284
Convert 1086 (base 10) to base 13.
657
-5502 (base 6) to base 8
-2356
What is 203b (base 15) in base 4?
1222112
67d5 (base 14) to base 11
125a5
Convert a05 (base 14) to base 15.
8b0
What is -3302 (base 7) in base 8?
-2232
10423 (base 8) to base 3
12222220
2c85 (base 14) to base 16
1f15
Convert 40 (base 6) to base 2.
11000
What is 995 (base 13) in base 7?
4535
What is 57d (base 15) in base 9?
1631
-1d70 (base 16) to base 6
-54520
What is 174 (base 12) in base 14?
128
What is -2b8 (base 14) in base 11?
-464
-164 (base 12) to base 5
-1340
-11001202 (base 3) to base 16
-b93
What is -2012121001 (base 3) in base 16?
-a9b4
What is 24855 (base 9) in base 4?
10011200
Convert -1118 (base 9) to base 13.
-4b8
-2dab (base 16) to base 9
-17030
-b032 (base 12) to base 3
-222010102
Convert 23 (base 11) to base 2.
11001
What is -74061 (base 8) in base 4?
-13200301
Convert 111010 (base 2) to base 4.
322
-10023 (base 7) to base 8
-4562
-1001 (base 3) to base 7
-40
What is -130104 (base 5) in base 3?
-20220021
-188 (base 12) to base 8
-370
Convert -112060 (base 8) to base 7.
-215413
What is -122000 (base 3) in base 10?
-459
13c (base 13) to base 2
11011100
What is 316 (base 15) in base 13?
417
What is c4a (base 13) in base 11?
1630
Convert -6456 (base 13) to base 6.
-144253
What is 643 (base 8) in base 13?
263
104452 (base 6) to base 8
21160
-547 (base 12) to base 2
-1100000111
Convert -8d (base 14) to base 8.
-175
What is 47b9 (base 13) in base 6?
114511
What is -3401143 (base 5) in base 15?
-1299d
What is -4163 (base 12) in base 5?
-212011
Convert -3040 (base 5) to base 7.
-1103
Convert 10190 (base 13) to base 10.
28847
Convert 31130 (base 4) to base 6.
3552
Convert 95f (base 16) to base 13.
1127
Convert -22751 (base 9) to base 5.
-441233
What is 235 (base 14) in base 6?
2011
What is 1165 (base 8) in base 15?
2be
-287 (base 14) to base 4
-13333
What is bb (base 12) in base 15?
98
524 (base 16) to base 7
3560
-305 (base 6) to base 11
-a3
What is -6163 (base 9) in base 4?
-1012200
What is -30 (base 14) in base 13?
-33
-7cb (base 14) to base 9
-2113
Convert -82dc (base 14) to base 11.
-15a2a
Convert -46b (base 14) to base 2.
-1101101111
What is -1111000000110001 (base 2) in base 6?
-1152401
1886 (base 15) to base 12
3099
Convert 2211200 (base 3) to base 5.
31240
What is -a56 (base 11) in base 2?
-10011110111
-2102220 (base 3) to base 7
-5121
13034 (base 5) to base 13
605
What is 585 (base 16) in base 7?
4056
What is -221 (base 3) in base 6?
-41
2501 (base 8) to base 2
10101000001
What is 467 (base 13) in base 8?
1371
Convert 2d3c (base 16) to base 11.
8778
Convert 204 (base 6) to base 11.
6a
Convert 1644 (base 10) to base 9.
2226
689 (base 12) to base 10
969
Convert -a8 (base 16) to base 15.
-b3
Convert 8948 (base 10) to base 3.
110021102
b61d (base 14) to base 11
21644
-5425 (base 9) to base 15
-12b2
Convert -404 (base 14) to base 6.
-3352
What is 3b5b (base 13) in base 10?
8526
What is 62071 (base 8) in base 4?
12100321
-d7 (base 14) to base 2
-10111101
Convert -a0cc (base 14) to base 2.
-110101111100100
-1d9 (base 14) to base 9
-470
Convert -700 (base 8) to base 7.
-1210
-644 (base 9) to base 15
-251
Convert -110 (base 15) to base 13.
-156
What is -4a77 (base 12) in base 4?
-2003323
Convert 1000001101011010 (base 2) to base 12.
17562
-2741 (base 11) to base 7
-13235
What is 7071 (base 8) in base 16?
e39
-40255 (base 6) to base 14
-1cdd
Convert 1152 (base 9) to base 14.
453
Convert -111001010 (base 2) to base 5.
-3313
1374 (base 8) to base 2
1011111100
What is -2022202 (base 3) in base 13?
-a04
-b6b9 (base 12) to base 9
-30406
218 (base 11) to base 4
10011
Convert -1122 (base 7) to base 2.
-110011000
What is 115230 (base 6) in base 16?
2802
What is 320b (base 13) in base 6?
52044
-4ea (base 15) to base 12
-794
10b (base 14) to base 4
3033
Convert -32 (base 6) to base 5.
-40
1011010101011 (base 2) to base 12
3437
100010 (base 3) to base 7
501
What is 13000301 (base 4) in base 8?
70061
What is -853 (base 12) in base 14?
-62b
30451 (base 8) to base 4
3010221
Convert 972 (base 10) to base 14.
4d6
-11123 (base 5) to base 4
-30110
-1132 (base 14) to base 16
-ba8
Convert -110111010100001 (base 2) to base 8.
-67241
What is -11101011010 (base 2) in base 14?
-986
What is 212 (base 7) in base 5?
412
3301020 (base 4) to base 16
3c48
What is 42101 (base 8) in base 13?
7c51
Convert -24a (base 14) to base 10.
-458
Convert 3d5 (base 15) to base 12.
60b
2443 (base 5) to base 6
1421
What is 120025 (base 6) in base 15?
3125
What is -1a20 (base 11) in base 14?
-d11
-100011101111100 (base 2) to base 9
-27083
81 (base 15) to base 13
94
Convert -114 (base 10) to base 9.
-136
1213341 (base 5) to base 6
254203
1300301 (base 4) to base 10
7217
Convert 2223203 (base 4) to base 10.
10979
What is -100020001 (base 3) in base 5?
-203344
151 (base 6) to base 9
74
What is -660a (base 12) in base 3?
-120102101
-1012020010 (base 3) to base 15
-6e63
Convert 902 (base 15) to base 3.
2210002
What is -201122 (base 3) in base 8?
-1022
Convert 1c9 (base 16) to base 13.
292
-3131 (base 6) to base 14
-383
What is 10221001 (base 3) in base 6?
21131
W